lse
Does 29 divide 117378?
False
Is 203 a factor of 821761?
False
Is 1397205 a multiple of 94?
False
Is 7806215 a multiple of 386?
False
Is 174 a factor of 2754878?
False
Is 114955 a multiple of 54?
False
Is 10 a factor of 761849?
False
Is 5 a factor of 565385?
True
Is 697746 a multiple of 14?
True
Is 204 a factor of 32640?
True
Does 7 divide 146358?
False
Does 34 divide 224570?
True
Does 109 divide 1178512?
False
Does 21 divide 132586?
False
Is 3029 a multiple of 2?
False
Is 75 a factor of 477450?
True
Is 66 a factor of 253197?
False
Is 840391 a multiple of 454?
False
Does 12 divide 3300534?
False
Does 149 divide 661018?
False
Is 352755 a multiple of 195?
True
Is 68 a factor of 5559068?
True
Does 15 divide 234375?
True
Does 410 divide 2416950?
True
Is 966515 a multiple of 272?
False
Is 280764 a multiple of 33?
True
Is 16009 a multiple of 3?
False
Is 40 a factor of 133800?
True
Does 39 divide 1069887?
True
Does 13 divide 2673528?
True
Is 15 a factor of 15087315?
True
Is 333325 a multiple of 60?
False
Does 19 divide 121714?
True
Is 633684 a multiple of 292?
False
Does 45 divide 1709685?
True
Is 151 a factor of 1270363?
True
Is 1650 a factor of 1950998?
False
Is 90 a factor of 883650?
False
Is 1114590 a multiple of 265?
True
Does 51 divide 2236965?
False
Is 2133 a factor of 12792281?
False
Is 652 a factor of 5015836?
True
Is 3418 even?
True
Is 348536 a multiple of 199?
False
Is 27 a factor of 3894?
False
Is 659141 a multiple of 22?
False
Does 13 divide 6386016?
True
Does 12 divide 107148?
True
Does 270 divide 1543146?
False
Is 491 a factor of 1151395?
True
Is 8 a factor of 66024?
True
Does 455 divide 6439615?
True
Is 16 a factor of 5199527?
False
Is 338 a factor of 471510?
True
Does 14 divide 7438805?
False
Is 12 a factor of 276864?
True
Is 7 a factor of 278281?
False
Does 362 divide 219372?
True
Does 189 divide 6664344?
False
Is 3506813 a multiple of 63?
False
Does 460 divide 3258817?
False
Is 58 a factor of 463350?
False
Is 12 a factor of 129324?
True
Does 26 divide 37986?
True
Is 373 a factor of 419467?
False
Does 7 divide 1802564?
False
Does 742 divide 762776?
True
Is 78504 a multiple of 24?
True
Does 725 divide 432825?
True
Is 146 a factor of 274772?
True
Does 6 divide 3026916?
True
Is 729802 a multiple of 24?
False
Does 52 divide 38324?
True
Does 422 divide 5573644?
False
Does 31 divide 2323214?
False
Does 297 divide 7651908?
True
Is 87568 a multiple of 16?
True
Is 486931 a multiple of 40?
False
Does 4 divide 15820?
True
Does 584 divide 3378440?
True
Is 605994 a multiple of 59?
False
Does 112 divide 545216?
True
Does 9 divide 5022?
True
Does 5 divide 1527?
False
Is 43 a factor of 5875219?
True
Is 11 a factor of 306988?
True
Is 376083 a multiple of 285?
False
Does 10 divide 125019?
False
Is 256 a factor of 283904?
True
Does 465 divide 395886?
False
Does 38 divide 368904?
True
Is 183 a factor of 5670804?
True
Does 179 divide 170050?
True
Is 8 a factor of 1602733?
False
Is 2245915 a multiple of 245?
True
Does 925 divide 6421350?
True
Is 1160994 a multiple of 1081?
True
Is 7 a factor of 40754?
True
Is 12 a factor of 376257?
False
Is 1407366 a multiple of 430?
False
Is 166 a factor of 122342?
True
Is 207 a factor of 111987?
True
Is 13 a factor of 2752661?
False
Does 23 divide 21114?
True
Is 127 a factor of 285343?
False
Does 1079 divide 2585358?
False
Does 5 divide 585585?
True
Does 77 divide 1331864?
False
Is 64130 a multiple of 265?
True
Does 272 divide 152943?
False
Is 46035 a multiple of 33?
True
Does 82 divide 84260?
False
Is 51480 a multiple of 312?
True
Is 3339794 a multiple of 10?
False
Does 10 divide 531282?
False
Is 111 a factor of 568812?
False
Is 78183 a multiple of 153?
True
Is 531677 a multiple of 786?
False
Is 260 a factor of 503926?
False
Does 2 divide 16801?
False
Does 87 divide 817887?
True
Is 6870656 a multiple of 13?
True
Does 27 divide 3839497?
False
Does 799 divide 3883939?
True
Is 36 a factor of 3536457?
False
Is 1002220 a multiple of 164?
False
Is 2128703 a multiple of 670?
False
Is 253213 a multiple of 655?
False
Is 5627985 a multiple of 345?
True
Does 22 divide 248138?
True
Is 1486981 a multiple of 217?
False
Is 3 a factor of 193281?
True
Is 674900 a multiple of 1184?
False
Is 18 a factor of 368750?
False
Is 32 a factor of 1613154?
False
Does 692 divide 15211544?
True
Does 18 divide 958337?
False
Is 3464210 a multiple of 8?
False
Does 52 divide 77584?
True
Does 165 divide 685390?
False
Is 174504 a multiple of 44?
True
Is 803 a factor of 1146684?
True
Does 49 divide 1968673?
True
Does 19 divide 83505?
True
Is 48 a factor of 13140772?
False
Is 178807 a multiple of 12?
False
Is 1499174 a multiple of 34?
False
Is 22211 a multiple of 40?
False
Is 71173 a multiple of 8?
False
Does 204 divide 12695585?
False
Is 2985714 a multiple of 27?
True
Is 192749 a multiple of 79?
False
Is 86 a factor of 678196?
True
Is 3 a factor of 411876?
True
Is 113885 a multiple of 9?
False
Does 610 divide 1704340?
True
Is 73213 a multiple of 6?
False
Does 3 divide 42490?
False
Is 326 a factor of 5735107?
False
Is 9753975 a multiple of 379?
False
Is 157 a factor of 79090?
False
Does 412 divide 144200?
True
Does 226 divide 656756?
True
Does 33 divide 450714?
True
Does 36 divide 222984?
True
Is 472 a factor of 315296?
True
Is 17 a factor of 1177199?
True
Is 143 a factor of 589344?
False
Is 4597865 a multiple of 68?
False
Is 141 a factor of 501882?
False
Is 14 a factor of 3298564?
False
Is 309552 a multiple of 13?
False
Is 48 a factor of 2756352?
True
Is 11 a factor of 27390935?
True
Is 24 a factor of 232296?
True
Is 178337 a multiple of 17?
False
Is 83434 a multiple of 39?
False
Is 55 a factor of 9615925?
True
Is 212496 a multiple of 12?
True
Is 806958 a multiple of 353?
True
Is 2 a factor of 24767?
False
Is 8256 a multiple of 32?
True
Is 1692064 a multiple of 736?
True
Does 14 divide 4064339?
False
Is 320734 a multiple of 9?
False
Does 30 divide 4664665?
False
Is 2079782 a multiple of 14?
False
Is 2908059 a multiple of 77?
True
Does 415 divide 220365?
True
Is 12 a factor of 113086?
False
Is 1587180 a multiple of 210?
True
Is 2929750 a multiple of 71?
False
Is 35 a factor of 64330?
True
Is 732718 a multiple of 7?
True
Does 58 divide 6880472?
False
Is 304313 a multiple of 332?
False
Does 7 divide 266581?
True
Is 14 a factor of 1135781?
False
Is 1934466 a multiple of 57?
True
Is 103 a factor of 94537?
False
Is 70371 a multiple of 9?
True
Is 2595717 a multiple of 25?
False
Is 55 a factor of 11142560?
True
Is 967264 a multiple of 724?
True
Does 505 divide 8302277?
False
Is 311 a factor of 357339?
True
Is 22 a factor of 967067?
False
Is 781546 a multiple of 262?
True
Does 13 divide 59943?
True
Is 430890 a multiple of 30?
True
Does 20 divide 3729820?
True
Does 270 divide 238993?
False
Does 8 divide 2594224?
True
Does 3 divide 43356?
True
Is 4 a factor of 64106?
False
Does 8 divide 1021800?
True
Is 8 a factor of 513949?
False
Does 22 divide 1686836?
False
Does 92 divide 739606?
False
Does 96 divide 111466?
False
Does 68 divide 36788?
True
Does 16 divide 41420?
False
Is 2853402 a multiple of 654?
True
Is 52260 a multiple of 78?
True
Is 9737 a multiple of 107?
True
Does 10 divide 611440?
True
Is 3664351 a multiple of 242?
False
Is 33 a factor of 759422?
False
Is 1041218 a multiple of 10?
False
Is 2010972 a multiple of 47?
False
Is 14 a factor of 83912?
False
Is 3659486 a multiple of 53?
False
Is 100 a factor of 600?
True
Is 39 a factor of 1512186?
True
Is 1190728 a multiple of 154?
True
Does 71 divide 62557?
False
Does 24 divide 1115112?
True
Is 47 a factor of 83690?
False
Is 4233 a multiple of 51?
True
Is 2355544 a multiple of 18?
False
Is 256053 a multiple of 411?
True
Does 36 divide 194544?
True
Is 26794 a multiple of 4?
False
Is 695950 a multiple of 5?
True
Is 7 a factor of 4568930?
False
Is 47418 a multiple of 2?
True
Is 5 a factor of 469985?
True
Does 802 divide 5366182?
True
Is 206 a factor of 2238000?
False
Is 545148 a multiple of 684?
True
Does 7 divide 853587?
True
Does 13 divide 530725?
True
Is 66 a factor of 2156946?
True
Is 3916 a multiple of 55?
False
Does 79 divide 10665?
True
Is 505465 a multiple of 215?
True
Is 177142 a multiple of 46?
False
Is 13301685 a multiple of 1665?
True
Is 6 a factor of 2461?
False
Is 2 a factor of 4089?
False
Is 